- 204. What is the tens digit of 1 - (-3)/((-6)/r)?
6
Let i = 414 + -377. Let r = i - -206. What is the units digit of r?
3
Suppose 4 + 10 = 7*v. Suppose -v*q + 5 = 7. What is the tens digit of -33 - -107 - (-1 + q/(-1))?
7
Suppose -z + 2*i = -10, i = z + 5*i + 8. Let r(q) = 3286*q**2 - 1645*q**2 - 1644*q**2 - q + 3*q**3 - 2*q - 8. What is the units digit of r(z)?
4
Let c(o) = 72*o**2 - 18*o + 21. Let l be c(-5). Let v = l + -829. What is the tens digit of v?
8
What is the thousands digit of (360/(-14))/((-302)/168063)?
4
Let l(w) = 181*w - 210*w - 79 - 69. What is the units digit of l(-21)?
1
Suppose 26*q = 31*q - 10. Let x = 40 - 27. Suppose -5*h + x = -q. What is the units digit of h?
3
Let n(u) = 173*u**2 - 11*u + 14. Let m(i) = -86*i**2 + 5*i - 6. Let f(k) = -14*m(k) - 6*n(k). What is the tens digit of f(1)?
6
Let r = -493 + 484. What is the units digit of r/54*3 + 2666/4?
6
Suppose 58*a - 63*a + 20 = 0, -3*a + 53752 = 2*p. What is the tens digit of p?
7
Let q(k) = 55*k + 3. Suppose 1 = -2*y + 11. Suppose -y*j = -b - 3, 4*j + j + 5 = 5*b. What is the units digit of q(j)?
8
Let p be -1*(1 + -1 + (-3 - 887)). Suppose 3*a = 12, 0*a - 2*a + p = -i. What is the tens digit of (2/(-3))/(7/i)?
8
Let l(a) be the first derivative of 16*a**3 - a**2/2 + 4*a - 21. Let z be l(-2). Let k = -105 + z. What is the units digit of k?
3
Let n be ((-1528)/(-3))/(10/30). Suppose 0 = -s + g + 1544, s - 16*g - n = -11*g. What is the hundreds digit of s?
5
Suppose -213*b = -236*b + 381455. What is the tens digit of b?
8
Let c(f) = -23*f + 21. Let j be c(-6). Suppose j + 249 = 4*d. Let h = d + 24. What is the tens digit of h?
2
Suppose 2*u = -0 - 4. Let m be (-47)/(-1) - (-2 + u). Suppose b - 4*r + 3*r = m, -5*b = -3*r - 263. What is the tens digit of b?
5
Suppose -392515 = -393*f + 248*f. What is the thousands digit of f?
2
Suppose 0 = v - 25*c + 27*c - 8579, v + 3*c - 8580 = 0. What is the units digit of v?
7
What is the tens digit of 408167552/5593 - 18/14?
7
Let d be (-1)/(-1*2/6) - -1. Let j be d/(-14) - 642/(-42). Suppose 5*h - 5 = -0*h, 2*y = 3*h + j. What is the units digit of y?
9
Let r = -1140 + 592. Let x = -201 - r. What is the tens digit of x?
4
Let d = -7 + 9. Suppose d*l = v + l - 3, 2*v + 2*l - 10 = 0. Suppose -50 = -v*f + 82. What is the tens digit of f?
3
Suppose 553 + 732 = -5*d. Let y be 2 - -2 - (d + 11). Let w = y - 145. What is the hundreds digit of w?
1
Let i be 51/15 - 4/10. Suppose 0 = 22*p - 31 - 13. Suppose 0 = -3*j - 5*o + 99, -i*o = p*j - 6*o - 47. What is the tens digit of j?
2
Let s be (1 + 35)/3 + (-1 - -3). Suppose x + 4*a = -0*x + s, -2*x = -a - 10. Suppose -x*l - 94 = -370. What is the tens digit of l?
4
Let p = -1639 - -1011. Let b = -114 - p. What is the units digit of b?
4
Suppose -2*p = -3*l - 39380, 0 = p + 2*l + 4632 - 24315. What is the hundreds digit of p?
6
Let p = 61299 + -36103. What is the hundreds digit of p?
1
Let h(w) = 264*w**3 + 17*w**2 - 34*w + 19. What is the ten thousands digit of h(5)?
3
Let i(d) be the first derivative of d**4/4 + 9*d**3 + 23*d**2 - 16*d + 23. What is the units digit of i(-25)?
4
Suppose 0 = -0*y - y + 172. Let b = y - 109. What is the units digit of 9/(b/2) - (-309)/21?
5
Suppose 117*t = 124*t - 84. Suppose 0 = -12*y - t*y + 2424. What is the units digit of y?
1
Let a(q) = 5*q**2 - 21*q. Let l be a(-33). Suppose 0 = -95*y + 84*y + l. What is the hundreds digit of y?
5
Let n(d) = 8*d - 10*d**2 - 1298*d**3 + 1413*d**3 + 805*d**3 + 2. What is the hundreds digit of n(1)?
9
Let j = 50135 + -25568. What is the tens digit of j?
6
Let h(n) = 3*n - 10. Let b be h(6). Suppose 11 + 5 = -b*v. What is the tens digit of v/(1*2 - (-121)/(-60))?
2
Suppose 19 = -8*b + 147. What is the tens digit of (-12)/b + (-1004)/(-16)?
6
Let z(v) = v**3 - 14*v**2 - 2. Let u be (-152)/(-11) - (-24)/132. Let j be z(u). What is the units digit of (53 - 2 - j)/1?
3
What is the tens digit of (-3630)/264*2*-1052?
3
Let o(q) = -27*q**3 + 8*q - 23. Let m be o(3). Let y = 1981 + m. What is the hundreds digit of y?
2
Suppose -19522 = 34*a + 33280. Let v = -759 - a. What is the hundreds digit of v?
7
Let o = 3930 + -271. What is the tens digit of o?
5
Let v = 99594 + -66628. What is the hundreds digit of v?
9
Suppose 0 = 3*o - 4*d - 74841, 184*d - 189*d = o - 24890. What is the thousands digit of o?
4
Suppose 2*h + 58054 = -5*q + 184214, -4*q = 5*h - 315417. What is the ten thousands digit of h?
6
Let t be (-8)/4 + 1*9. Let u(q) = 82*q - 64*q - 140 + 109. What is the tens digit of u(t)?
9
Let o = 49 + -44. Suppose -2*h = o*f - 25, -8 = -4*h + 6*f - 2*f. Suppose 146 = h*c + 56. What is the tens digit of c?
1
Suppose 7*f = -3*b + 2*f + 7, -55 = 5*b - 5*f. Let y be (4/b)/((-8)/384). Suppose 262 - y = 10*u. What is the units digit of u?
3
Let b be 2/((-24)/44)*33. Let t = -73 - b. Suppose 460 = t*p - 43*p. What is the tens digit of p?
9
Let c(i) = i**3 + 6*i**2 + 6*i - 4. Let j be c(-3). Suppose -4*l + j*l = -3*r - 9, -23 = 5*r - l. What is the units digit of (r + 5)*2 + (-2 - -7)?
7
Let v = 129 - 111. Let s be (51 + 0)*(240/v + 0). Suppose 0 = -4*y - y - 3*x + 1124, -x = -3*y + s. What is the units digit of y?
6
Suppose -4*h + 3339 = -13489. What is the tens digit of h?
0
What is the units digit of 10607177/1519*(4/2)/2?
3
Let w = -20 - 97. Let m = w + 241. What is the units digit of m?
4
What is the ten thousands digit of 459/612 - (-141522)/8?
1
Let i(y) = -8*y. Let c be i(4). Let k = -28 - c. Suppose -m - 47 = 3*t - 158, -5*t = k*m - 178. What is the tens digit of t?
3
Let m(w) = 3*w**3 + 4*w**2 - 7*w + 5. Let u be m(2). Let l = 128 - u. What is the units digit of l?
7
Let p(f) = f**2 - 11*f + 10. Let o be p(10). Suppose o = -2*b - 90. What is the units digit of -10*215/b + (-2)/(-9)?
8
Suppose 8 = 4*n + 4*x, 3*x = -3*n - 2*n + 12. Let h(c) = 22*c**2 + 11*c - 31. What is the tens digit of h(n)?
0
Suppose -9*p = -2*p - 133. Suppose -15*j = -p*j - 36. Let l(n) = 2*n**3 + 19*n**2 + 10*n + 13. What is the units digit of l(j)?
4
Let l(u) = 2*u**3 - 3*u**2 + 11*u - 20. Let g be 13/26*0*1/2. Suppose g = -28*d + 33*d - 25. What is the hundreds digit of l(d)?
2
Suppose -k + 2*f - 3*f - 3 = 0, 4*k + f + 18 = 0. What is the hundreds digit of 9/(27/(-22770)*k)?
5
Suppose 5*s = 445 + 250. Let q = s - 134. Suppose 4*n = g - 28, -140 = q*g - 10*g - 4*n. What is the units digit of g?
8
Let d(v) = -2*v**3 + 4*v**2 + 9*v + 9. Let k = -78 + 74. Let o be d(k). Suppose -t = 3*b - o, -2*t - 48 = 6*b - 7*b. What is the units digit of b?
4
Suppose 0 = -2*f - 1 + 3, 3*u + 5*f + 4 = 0. Let a(k) = -33*k + 42. Let v(n) = -16*n + 21. Let i(m) = u*a(m) + 5*v(m). What is the tens digit of i(4)?
5
Suppose 5*b + 50 = 75, 5*a - 2*b = 69315. What is the units digit of a?
5
Suppose 0 = -5*j - 5*x + 285, 4*j - 5*j + 3*x = -45. Suppose j*n - 436 = 52*n. What is the units digit of n?
8
Suppose 200 = 24*g - 26*g. Let m = g - -418. What is the hundreds digit of m?
3
Suppose 75*h = -27 + 480 + 222. Let o(a) = -a**3 + 3*a**2 - 2*a - 2. Let f be o(2). What is the tens digit of (144 - h) + -2 + f?
3
Let y = -35356 - -60454. What is the thousands digit of y?
5
Suppose -4*s - 3*b + 45543 = 11778, -5*b = -35. What is the hundreds digit of s?
4
Suppose -2*y + 77 = -153. Let k = y + 176. What is the hundreds digit of k?
2
Let x = -55 - -51. Let n be x/3*-3 - -1. Suppose -n = 3*t - 89. What is the units digit of t?
8
Let f(u) = -u**3 - 40*u**2 + 61*u - 16. What is the units digit of f(-42)?
0
Let v be 2/(-12) - (-1 - (-216201)/(-18)). Suppose 19*f = -4393 + v. What is the tens digit of f?
0
Suppose -13*u + 324480 = -12*u + 19*u. What is the ten thousands digit of u?
1
Let f = -3285 + 4754. What is the tens digit of f?
6
Suppose -6*r + 70 + 14 = 0. Suppose -r*x + 250 = -13*x. Suppose -2*m = -2*l + x, -2*l - l = -2*m - 377. What is the tens digit of l?
2
Let b(o) = 270*o - 109. What is the units digit of b(9)?
1
Let l be (-2)/(-8) - (208764/16)/(-9). What is the thousands digit of (l/15)/(4/54)?
1
Let q = -493 + 1388. What is the tens digit of (-7 - -9)*(q/2 + -1)?
9
Let a(y) = y**2 + 22*y - 27*y + 25*y + 13. Let s be a(-13). Let b = -31 - s. What is the tens digit of b?
4
Suppose -4*r + 20 = 4*s, r - 6*r + 19 = -s. Let m be 584 - (s + 2 - -1). Suppose 5*g = 15*g - m. What is t